e (-5)/l + 166/12. Calculate the greatest common factor of 2 and i.
2
Let t(a) = a**2 + 6*a + 7. Let g be t(-3). Let l be 1 + g/3 - 32692/(-132). Calculate the highest common divisor of l and 62.
62
Let g(t) = t**2 + 3*t + 2. Let a be g(-4). Let b be ((-120)/(-75))/((-3)/(-15)). Let m be 72*(16/3)/b. What is the highest common factor of a and m?
6
Suppose -l + 2*b = -27, -b = 2*l - 4*b - 54. Let t = 444 - 429. Let c be (-486)/t*-5*5/10. What is the greatest common divisor of l and c?
27
Suppose -z + 41 + 17 = 2*b, 23 = z - 5*b. Let x = -511 - -288. Let l = x + 343. Calculate the greatest common factor of z and l.
24
Suppose 4*p = -2*z + 435 - 347, -4*p - 5*z = -112. What is the greatest common divisor of p and 1314?
18
Let p = -4689 + 4745. Calculate the highest common divisor of p and 308.
28
Let p be (13/2)/((-53)/(-1378)). Let v be p/19 + (-84)/(-798). Calculate the highest common factor of v and 981.
9
Suppose -10 = -q - u, -3*q - 4*u + 195 = 162. What is the greatest common divisor of 3941 and q?
7
Suppose -2*t = -x + 24, 30*x = 31*x + 4*t - 24. Calculate the greatest common divisor of x and 780.
12
Let r(d) = d**3 - d**2 - 3*d + 3. Let p be r(4). Let w(n) = -2*n**2 + 61*n + 54. Let q be w(31). Let i = p - q. What is the greatest common divisor of 80 and i?
16
Suppose -2*n - 16 = -10*n. Suppose -n*x + 38 = -4*g, 0 = 4*x + 4*g - 7 - 69. What is the highest common divisor of x and 152?
19
Let m be ((-35)/7 - -4)/((-2)/(-6)). Let h be (3/m + -4)*-1. Suppose -43 = -2*f + h*o, -4*f + 11 + 80 = -5*o. What is the highest common divisor of f and 72?
24
Suppose 5*f - z - 226 = 0, 131*f - 175 = 127*f - 5*z. Calculate the highest common divisor of 3303 and f.
9
Suppose -174*z + 40394 = -70966. What is the greatest common divisor of z and 5?
5
Let j be ((-2839)/(-334))/(1/114). Calculate the highest common divisor of j and 95.
19
Let y = 21896 + -21171. Calculate the highest common factor of y and 435.
145
Let r = -250 - -242. Let c(o) = -o**3 - 7*o**2 + 6*o + 29. Let f be c(r). Calculate the highest common divisor of 60 and f.
15
Let g(h) = -h**3 - 4*h**2 - 6*h - 20. Let r(f) = -f**3 - 40*f**2 + 2*f + 74. Let d be r(-40). Let n be g(d). Calculate the highest common divisor of 16 and n.
8
Suppose -5*n - 825 = -2*q, -1412*q = -1415*q + 5*n + 1225. Calculate the highest common divisor of 208 and q.
16
Let l be 2/(-14) - ((-267)/7)/(-50 - -51). Calculate the greatest common factor of l and 6802.
38
Let k be (-110)/33*(-6)/4. Suppose 58 = -k*i + 433. Let s(m) = 13*m**2 + 2*m - 6. Let o be s(2). What is the highest common divisor of o and i?
25
Suppose 2*d - 23 = 373. Suppose -5*r + 2*r = -d. Suppose 5*o = 9*o - 176. Calculate the greatest common divisor of o and r.
22
Suppose 2*k - 3*k + 330 = 0. Suppose -4*x - 52 = 0, -104*o + 191 = -103*o - 13*x. What is the greatest common divisor of k and o?
22
Suppose y - r = 3*y - 579, 3*y - 858 = 2*r. Suppose 3*x - 2*w = 287, -6*x + y = -3*x - 3*w. Let n = x + -72. Calculate the greatest common divisor of 253 and n.
23
Let t be (5 + -287)/((-21)/(-70)*-5). Calculate the greatest common divisor of t and 15604.
188
Suppose 3*v - 39885 = -3*z, 3*v + 630 + 12657 = z. What is the highest common factor of z and 63?
63
Let r = -30 + 55. Suppose -r*b + 169 = -6. Let j be (-2 - -5) + -2 - 0. Calculate the greatest common divisor of j and b.
1
Let r be (-2 - -3)*(4 - -1). Let z be r - 4/(4/3). What is the highest common factor of z and 16?
2
Let o = 4 - 1. Suppose o*s + 0*s = 4*b - 40, 50 = 5*b - 5*s. Suppose 0 = 5*r - 5*i - 670, 3*r + 5*i = 412 - 42. What is the greatest common divisor of b and r?
10
Suppose -49*j + 185 = -44*j. Suppose -3*g + j = -47. What is the highest common divisor of g and 12?
4
Suppose 10*u - 4 = -4*m + 8*u, -5*m + 5*u + 5 = 0. What is the greatest common divisor of m and 73?
1
Let f(m) = 4*m - 2. Let a be f(3). Suppose -2 = h + o, -5*o = -4*h - 39 - 14. Let r be (-45)/h - (-60)/(-140). What is the greatest common divisor of a and r?
2
Suppose -25*q + 656 = 5*a - 21*q, 0 = -4*a - 5*q + 532. Calculate the highest common divisor of a and 56.
8
Let x(f) = f**3 - 2*f**2 - 6*f + 7. Let r be x(5). Let d be (-23)/((-46)/348) - (8 - 12/4). What is the highest common factor of r and d?
13
Let o be ((-5)/15)/(4/(-48)). Suppose o*z - b = 583, -b + 2 = -3. Calculate the greatest common divisor of 63 and z.
21
Suppose 3*z - 3*w = 354, -4*z + 482 = -0*z + w. Let r = z + -79. Let c = 52 + r. Calculate the highest common factor of 62 and c.
31
Suppose 4*a - 2*a = -5*o - 5, 4*o = a - 17. Suppose 0 = -a*j - 25, m - 3*j = -5 + 70. Let z = 57 - m. Calculate the greatest common divisor of 35 and z.
7
Let i be (((-50)/(-15))/2)/(2/12). Let v be 6/i + 188/20. What is the greatest common factor of 50 and v?
10
Let c = -6307 + 6335. What is the highest common divisor of 41062 and c?
14
Suppose -29*o + 432 + 641 = 0. What is the greatest common divisor of 1147 and o?
37
Let l = -1421 - -1427. Suppose 4*a = 74 + 10. What is the greatest common factor of l and a?
3
Let a = -6623 - -6644. What is the highest common divisor of 33012 and a?
21
Let u(i) = 14*i**3 + 2*i**2 - 7*i + 5. Let w be u(5). Let c be w/90 + -1*(-2)/6. What is the greatest common divisor of c and 160?
20
Suppose 29*f - 25*f = i + 1484, -3*i - 360 = -f. What is the greatest common divisor of f and 7750?
62
Suppose 412 = v - 2*k, 1271 = 3*v + 64*k - 63*k. What is the greatest common divisor of v and 10761?
211
Suppose -n + 3*g = -143, -5*n = -9*g + g - 743. Suppose 4*t + 0*t - 12 = 0, 5*t = j - 109. What is the greatest common factor of j and n?
31
Let n be (-10740)/(-105) + (-1)/(-14)*-4. Let g(w) = -15*w - 7. Let j be g(-5). What is the greatest common factor of j and n?
34
Suppose p = -585*v + 590*v + 75, 3*v = -2*p + 72. Let u be (-2 - 170/(-4))*2. Calculate the highest common divisor of p and u.
9
Let z = -225 + 227. Suppose -z*k + 116 = -14. Calculate the greatest common divisor of k and 5.
5
Let s be -1 + 1 - (-1 - 1). Let u be -8 + -9 - (-8 + 1). Let y be (-2)/(-10) - (u + 234/(-30)). What is the highest common factor of y and s?
2
Suppose -548 + 116 = -4*s. Let j be 12190/150 - 356/1335. Calculate the greatest common divisor of j and s.
27
Let v be ((-1254)/110)/((-5)/25). What is the highest common factor of v and 931?
19
Let o = 53 - 36. Let f(q) = 20*q + 8. Let x(c) = -78*c - 30. Let u(m) = 21*f(m) + 5*x(m). Let i be u(o). Calculate the greatest common divisor of 48 and i.
48
Let m(z) = -26 + 19 + 25 - 3*z + 15 + 8*z. Let v be m(20). Calculate the greatest common divisor of 21 and v.
7
Let k be (35/14)/((-5)/(-6)). Suppose -h + 0*h = z - 8, 20 = k*z + 2*h. What is the highest common factor of z and 32?
4
Let b(g) = -184*g + 1. Let i be b(-6). Let p(k) = 2011*k + 14142. Let t be p(-7). Calculate the highest common divisor of i and t.
65
Let v(w) = -225*w - 2244. Let z be v(-10). Calculate the greatest common factor of 3378 and z.
6
Let h = -45 + 51. Let a(r) = -6*r - 6. Let z(q) = -q - 14. Let c be z(-6). Let l be a(c). Calculate the highest common divisor of l and h.
6
Suppose -4*h = -b - 3*h + 1, -3*h = -2*b. Let l(t) = -1112*t - 8773. Let o be l(-8). Calculate the greatest common divisor of b and o.
3
Let f = 5900 + -5140. What is the greatest common divisor of 280 and f?
40
Let c(w) = -33*w + 266. Let r be c(8). Suppose l - 425 = -4*g + r*l, -3*g = 5*l - 313. What is the highest common factor of 2 and g?
2
Let d(n) = 2*n**2 + 61*n + 134. Let z be d(-30). Let u = 42 + -29. Let h = 13 + u. What is the highest common divisor of z and h?
26
Let c = 23 - 18. Let n(w) = w**2 + 12*w + 23. Let u be n(-7). Let j = -10 - u. What is the highest common factor of c and j?
1
Suppose -4*x + 26 - 38 = -c, -c - 5*x + 30 = 0. Calculate the highest common factor of c and 125.
5
Suppose -24*a - 19*a = 31*a - 111518. Calculate the highest common divisor of a and 33.
11
Suppose 0 = -4*m - 3*p - 17, -m + 2*p + p + 7 = 0. Let t be (2 - (5 + 1)) + (m - -32). What is the highest common factor of t and 2?
2
Let z(x) = -6*x**2 + 8*x - 13. Let w be z(2). Let r = -20 - w. What is the greatest common divisor of 2 and r?
1
Suppose v + 0*x = 3*x - 15, -2*x = 2*v - 10. Suppose 65*w - 75*w = -1400. Suppose p - w = -v*p. Calculate the greatest common factor of p and 56.
28
Let